base 15.
2
What is c (base 15) in base 4?
30
a (base 14) to base 12
a
What is 45 (base 8) in base 11?
34
What is 12 (base 10) in base 9?
13
What is -201 (base 4) in base 12?
-29
Convert -121 (base 10) to base 8.
-171
What is -64 (base 8) in base 11?
-48
What is -2 (base 10) in base 13?
-2
Convert 2 (base 7) to base 13.
2
-441 (base 6) to base 3
-20021
What is -27 (base 11) in base 4?
-131
What is 1 (base 4) in base 3?
1
What is -1111011 (base 2) in base 16?
-7b
Convert 26 (base 11) to base 3.
1001
What is -d (base 15) in base 8?
-15
Convert 4 (base 11) to base 7.
4
33 (base 6) to base 8
25
5b (base 15) to base 7
152
-343 (base 6) to base 15
-90
-13 (base 5) to base 14
-8
122 (base 6) to base 11
46
Convert -23 (base 4) to base 9.
-12
What is 4 (base 10) in base 6?
4
-110 (base 2) to base 16
-6
What is 5 (base 16) in base 7?
5
-a (base 11) to base 15
-a
-1 (base 3) to base 13
-1
10000 (base 2) to base 4
100
-236 (base 11) to base 8
-431
-114 (base 11) to base 15
-91
Convert 5 (base 8) to base 9.
5
23 (base 5) to base 9
14
-1 (base 5) to base 16
-1
What is 74 (base 15) in base 12?
91
What is 2 (base 7) in base 8?
2
What is -10 (base 3) in base 12?
-3
-20 (base 3) to base 2
-110
17 (base 10) to base 8
21
-69 (base 12) to base 5
-311
Convert 67 (base 13) to base 12.
71
What is -3 (base 7) in base 16?
-3
Convert 2 (base 11) to base 15.
2
Convert -1 (base 5) to base 7.
-1
What is 51 (base 12) in base 7?
115
-3033 (base 4) to base 14
-10b
What is -10 (base 3) in base 10?
-3
What is -44 (base 7) in base 10?
-32
Convert 0 (base 14) to base 6.
0
What is -41 (base 7) in base 2?
-11101
Convert 29 (base 15) to base 7.
54
Convert -c (base 15) to base 8.
-14
2 (base 10) to base 3
2
101 (base 2) to base 4
11
Convert -21 (base 6) to base 16.
-d
What is -3 (base 16) in base 13?
-3
Convert -5 (base 15) to base 5.
-10
What is -12 (base 6) in base 12?
-8
What is -10 (base 6) in base 4?
-12
What is -1022 (base 6) in base 11?
-19a
1100 (base 3) to base 2
100100
What is 1001 (base 3) in base 14?
20
43 (base 5) to base 8
27
-1 (base 12) to base 5
-1
-1 (base 11) to base 14
-1
Convert 16 (base 14) to base 11.
19
Convert -3 (base 16) to base 5.
-3
-1221 (base 3) to base 2
-110100
What is -1102 (base 3) in base 7?
-53
What is 40 (base 7) in base 3?
1001
-3 (base 5) to base 7
-3
What is -5 (base 15) in base 8?
-5
What is 125 (base 7) in base 15?
48
What is -11111 (base 2) in base 5?
-111
17 (base 16) to base 10
23
-2 (base 5) to base 11
-2
Convert 11 (base 5) to base 11.
6
-1100 (base 2) to base 16
-c
2 (base 11) to base 14
2
10 (base 2) to base 9
2
What is 5 (base 10) in base 11?
5
What is -3 (base 15) in base 3?
-10
What is 3 (base 14) in base 3?
10
Convert -43 (base 15) to base 13.
-4b
What is -100 (base 4) in base 6?
-24
Convert -1 (base 8) to base 6.
-1
Convert 44 (base 10) to base 8.
54
Convert 10 (base 10) to base 9.
11
Convert 12 (base 3) to base 6.
5
-10 (base 9) to base 11
-9
What is 1 (base 13) in base 3?
1
Convert 1101001 (base 2) to base 4.
1221
Convert 2 (base 4) to base 8.
2
What is 2 (base 15) in base 10?
2
What is 1000110 (base 2) in base 11?
64
Convert -4 (base 16) to base 5.
-4
Convert -3003 (base 4) to base 15.
-d0
-102 (base 3) to base 10
-11
What is 10 (base 10) in base 16?
a
What is -13 (base 8) in base 6?
-15
3 (base 14) to base 8
3
What is -2 (base 12) in base 11?
-2
What is -1 (base 9) in base 4?
-1
-12 (base 11) to base 8
-15
What is -1 (base 5) in base 4?
-1
Convert 48 (base 11) to base 3.
1221
Convert 87 (base 10) to base 2.
1010111
Convert -53 (base 14) to base 3.
-2201
What is -1 (base 14) in base 9?
-1
What is 88 (base 10) in base 4?
1120
Convert -2 (base 14) to base 7.
-2
Convert b (base 14) to base 6.
15
Convert 12 (base 3) to base 4.
11
What is -1011 (base 2) in base 14?
-b
2 (base 5) to base 4
2
Convert 6 (base 7) to base 13.
6
Convert -1041 (base 5) to base 2.
-10010010
0 (base 2) to base 14
0
What is 3 (base 4) in base 9?
3
-3 (base 12) to base 5
-3
Convert -3 (base 13) to base 5.
-3
Convert 202 (base 7) to base 3.
10201
0 (base 13) to base 7
0
223 (base 7) to base 11
a5
Convert 19 (base 14) to base 12.
1b
-18 (base 9) to base 14
-13
What is 3 (base 16) in base 4?
3
103 (base 5) to base 13
22
-11001001 (base 2) to base 3
-21110
Convert 61 (base 12) to base 15.
4d
-12 (base 4) to base 9
-6
What is 7 (base 14) in base 3?
21
57 (base 10) to base 12
49
What is -2 (base 16) in base 14?
-2
1010010 (base 2) to base 3
10001
Convert -11 (base 2) to base 3.
-10
5 (base 12) to base 13
5
What is 110011 (base 2) in base 11?
47
Convert -8 (base 11) to base 13.
-8
What is 23 (base 11) in base 14?
1b
-a2 (base 12) to base 16
-7a
Convert -2 (base 6) to base 7.
-2
What is -1010100 (base 2) in base 15?
-59
What is -40 (base 5) in base 16?
-14
What is 0 (base 8) in base 13?
0
What is 0 (base 2) in base 3?
0
-7a (base 15) to base 13
-8b
What is -3 (base 14) in base 12?
-3
Convert -6 (base 9) to base 13.
-6
Convert 100101001 (base 2) to base 4.
10221
Convert 1020 (base 4) to base 15.
4c
4 (base 13) to base 12
4
5 (base 6) to base 4
11
Convert -1100 (base 4) to base 11.
-73
Convert -61 (base 9) to base 5.
-210
What is 3 (base 7) in base 11?
3
-1 (base 3) to base 13
-1
Convert -30 (base 10) to base 13.
-24
What is -22 (base 7) in base 5?
-31
What is -2 (base 12) in base 2?
-10
What is -4 (base 9) in base 8?
-4
Convert -167 (base 8) to base 16.
-77
35 (base 8) to base 11
27
Convert 0 (base 5) to base 3.
0
What is -523 (base 6) in base 14?
-dd
What is -13 (base 14) in base 6?
-25
What is 0 (base 14) in base 4?
0
4 (base 9) to base 14
4
-21 (base 3) to base 8
-7
1 (base 12) to base 5
1
Convert e9 (base 15) to base 7.
432
-1 (base 5) to base 8
-1
-400 (base 6) to base 4
-2100
7 (base 12) to base 8
7
10 (base 6) to base 16
6
-10 (base 13) to base 11
-12
Convert -221 (base 5) to base 4.
-331
What is 12 (base 5) in base 11?
7
Convert -4 (base 12) to base 2.
-100
What is 2d (base 15) in base 2?
101011
Convert 2101 (base 3) to base 5.
224
-1322 (base 4) to base 7
-233
-1102 (base 4) to base 12
-6a
Convert -2 (base 10) to base 12.
-2
130 (base 4) to base 16
1c
What is 1 (base 11) in base 10?
1
Convert 56 (base 7) to base 11.
38
What is -10 (base 6) in base 5?
-11
What is 9b (base 13) in base 16?
80
What is 11 (base 16) in base 8?
21
What is -12 (base 3) in base 2?
-101
-23 (base 16) to base 9
-38
-40 (base 6) to base 10
-24
What is -3 (base 11) in base 2?
-11
What is 4 (base 9) in base 15?
4
-2 (base 11) to base 7
-2
What is -3 (base 12) in base 2?
-11
What is -3 (base 5) in base 4?
-3
What is -4 (base 11) in base 6?
-4
Convert -40 (base 11) to base 8.
-54
-52 (base 11) to base 12
-49
b (base 14) to base 9
12
What is 11 (base 5) in base 13?
6
Convert -15 (base 7) to base 14.
-c
Convert -16 (base 11) to base 14.
-13
What is -2 (base 10) in base 2?
-10
What is -5 (base 9) in base 5?
-10
Convert -1121 (base 4) to base 2.
-1011001
Convert 6 (base 8) to base 11.
6
Convert -1 (base 8) to base 14.
-1
What is 0 (base 15) in base 3?
0
What is 18 (base 13) in base 14?
17
66 (base 13) to base 9
103
Convert 0 (base 8) to base 2.
0
What is 20 (base 7) in base 14?
10
0 (base 7) to base 12
0
-16 (base 12) to base 11
-17
3 (base 11) to base 14
3
1100100 (base 2) to base 4
1210
Convert -11 (base 4) to base 8.
-5
-3 (base 9) to base 8
-3
Convert 101 (base 2) to base 6.
5
What is 100 (base 2) in base 12?
4
-5 (base 15) to base 9
-5
What is 5 (base 9) in base 16?
5
-3 (base 14) to base 11
-3
What is -3 (base 5) in base 15?
-3
-1 (base 12) to base 5
-1
Convert 0 (base 3) to base 9.
0
Convert 10 (base 3) to base 4.
3
Convert 78 (base 9) to base 13.
56
Convert -12 (base 3) to base 2.
-101
What is 16 (base 10) in base 8?
20
1 (base 10) to base 13
1
-21 (base 6) to base 14
-d
Convert 15 (base 7) to base 9.
13
Convert 4 (base 8) to base 11.
4
What is -101000 (base 2) in base 15?
-2a
What is 1b (base 12) in base 11?
21
-233 (base 9) to base 10
-192
What is -1 (base 4) in base 3?
-1
What is -31 (base 11) in base 9?
-37
1110101 (base 2) to base 5
432
221 (base 3) to base 5
100
What is -2001 (base 3) in base 14?
-3d
Convert 5 (base 10) to base 11.
5
Convert 2 (base 5) to base 15.
2
Convert 2 (base 16) to base 15.
2
What is 0 (base 3) in base 10?
0
102 (base 16) to base 2
100000010
7 (base 16) 